{"id":397,"date":"2025-04-22T20:42:09","date_gmt":"2025-04-22T20:42:09","guid":{"rendered":"https:\/\/electrohelp.cl\/?page_id=397"},"modified":"2025-04-22T20:47:08","modified_gmt":"2025-04-22T20:47:08","slug":"generadores","status":"publish","type":"page","link":"https:\/\/electrohelp.cl\/?page_id=397","title":{"rendered":"Generadores"},"content":{"rendered":"\n<p><br>Los generadores el\u00e9ctricos son esenciales para proporcionar energ\u00eda en situaciones de emergencia, garantizar el suministro el\u00e9ctrico en \u00e1reas remotas y apoyar la infraestructura en eventos p\u00fablicos. Adem\u00e1s, permiten la continuidad de operaciones industriales, comerciales y dom\u00e9sticas durante cortes de energ\u00eda, mejorando la resiliencia y seguridad energ\u00e9tica de comunidades y econom\u00edas.<\/p>\n\n\n\n<figure class=\"wp-block-image size-full\"><img loading=\"lazy\" decoding=\"async\" width=\"512\" height=\"288\" src=\"https:\/\/electrohelp.cl\/wp-content\/uploads\/2025\/04\/unnamed.jpg\" alt=\"\" class=\"wp-image-398\" srcset=\"https:\/\/electrohelp.cl\/wp-content\/uploads\/2025\/04\/unnamed.jpg 512w, https:\/\/electrohelp.cl\/wp-content\/uploads\/2025\/04\/unnamed-300x169.jpg 300w\" sizes=\"auto, (max-width: 512px) 100vw, 512px\" \/><\/figure>\n\n\n\n<p>CONTROLADORED COMAP<\/p>\n\n\n\n<p>Somos especialistas en la l\u00ednea de control COMAP, venta de controladores y proyectos de respaldo energ\u00e9tico.<\/p>\n\n\n\n<p> <\/p>\n\n\n\n<figure class=\"wp-block-image size-full\"><img decoding=\"async\" src=\"https:\/\/electrohelp.cl\/wp-content\/uploads\/2025\/04\/comap1.avif\" alt=\"\" class=\"wp-image-399\"\/><\/figure>\n\n\n\n<p>El\u00a0<strong>controlador COMAP<\/strong>\u00a0es clave en generadores para garantizar\u00a0<strong>eficiencia, estabilidad y protecci\u00f3n<\/strong>\u00a0del sistema. Regula par\u00e1metros como voltaje y frecuencia, optimizando el rendimiento y prolongando la vida \u00fatil del equipo. Su tecnolog\u00eda avanzada asegura operaciones seguras y confiables, esencial en aplicaciones industriales y de emergencia.<\/p>\n\n\n\n<p><\/p>\n","protected":false},"excerpt":{"rendered":"<p>Los generadores el\u00e9ctricos son esenciales para proporcionar energ\u00eda en situaciones de emergencia, garantizar el suministro el\u00e9ctrico en \u00e1reas remotas y apoyar la infraestructura en eventos p\u00fablicos. Adem\u00e1s, permiten la continuidad de operaciones industriales, comerciales y dom\u00e9sticas durante cortes de energ\u00eda, mejorando la resiliencia y seguridad energ\u00e9tica de comunidades y econom\u00edas. CONTROLADORED COMAP Somos especialistas en&hellip; <br \/> <a class=\"read-more\" href=\"https:\/\/electrohelp.cl\/?page_id=397\">Leer m\u00e1s<\/a><\/p>\n","protected":false},"author":1,"featured_media":0,"parent":0,"menu_order":0,"comment_status":"closed","ping_status":"closed","template":"","meta":{"footnotes":""},"class_list":["post-397","page","type-page","status-publish","hentry"],"yoast_head":"<!-- This site is optimized with the Yoast SEO plugin v23.4 - https:\/\/yoast.com\/wordpress\/plugins\/seo\/ -->\n<title>Generadores - Help Services<\/title>\n<meta name=\"robots\" content=\"index, follow, max-snippet:-1, max-image-preview:large, max-video-preview:-1\" \/>\n<link rel=\"canonical\" href=\"https:\/\/electrohelp.cl\/?page_id=397\" \/>\n<meta property=\"og:locale\" content=\"es_ES\" \/>\n<meta property=\"og:type\" content=\"article\" \/>\n<meta property=\"og:title\" content=\"Generadores - Help Services\" \/>\n<meta property=\"og:description\" content=\"Los generadores el\u00e9ctricos son esenciales para proporcionar energ\u00eda en situaciones de emergencia, garantizar el suministro el\u00e9ctrico en \u00e1reas remotas y apoyar la infraestructura en eventos p\u00fablicos. Adem\u00e1s, permiten la continuidad de operaciones industriales, comerciales y dom\u00e9sticas durante cortes de energ\u00eda, mejorando la resiliencia y seguridad energ\u00e9tica de comunidades y econom\u00edas. CONTROLADORED COMAP Somos especialistas en&hellip; Leer m\u00e1s\" \/>\n<meta property=\"og:url\" content=\"https:\/\/electrohelp.cl\/?page_id=397\" \/>\n<meta property=\"og:site_name\" content=\"Help Services\" \/>\n<meta property=\"article:modified_time\" content=\"2025-04-22T20:47:08+00:00\" \/>\n<meta property=\"og:image\" content=\"https:\/\/electrohelp.cl\/wp-content\/uploads\/2025\/04\/unnamed.jpg\" \/>\n<meta name=\"twitter:card\" content=\"summary_large_image\" \/>\n<meta name=\"twitter:label1\" content=\"Tiempo estimado de lectura\" \/>\n\t<meta name=\"twitter:data1\" content=\"1 minuto\" \/>\n<script type=\"application\/ld+json\" class=\"yoast-schema-graph\">{\"@context\":\"https:\/\/schema.org\",\"@graph\":[{\"@type\":\"WebPage\",\"@id\":\"https:\/\/electrohelp.cl\/?page_id=397\",\"url\":\"https:\/\/electrohelp.cl\/?page_id=397\",\"name\":\"Generadores - Help Services\",\"isPartOf\":{\"@id\":\"https:\/\/electrohelp.cl\/#website\"},\"primaryImageOfPage\":{\"@id\":\"https:\/\/electrohelp.cl\/?page_id=397#primaryimage\"},\"image\":{\"@id\":\"https:\/\/electrohelp.cl\/?page_id=397#primaryimage\"},\"thumbnailUrl\":\"https:\/\/electrohelp.cl\/wp-content\/uploads\/2025\/04\/unnamed.jpg\",\"datePublished\":\"2025-04-22T20:42:09+00:00\",\"dateModified\":\"2025-04-22T20:47:08+00:00\",\"breadcrumb\":{\"@id\":\"https:\/\/electrohelp.cl\/?page_id=397#breadcrumb\"},\"inLanguage\":\"es-CL\",\"potentialAction\":[{\"@type\":\"ReadAction\",\"target\":[\"https:\/\/electrohelp.cl\/?page_id=397\"]}]},{\"@type\":\"ImageObject\",\"inLanguage\":\"es-CL\",\"@id\":\"https:\/\/electrohelp.cl\/?page_id=397#primaryimage\",\"url\":\"https:\/\/electrohelp.cl\/wp-content\/uploads\/2025\/04\/unnamed.jpg\",\"contentUrl\":\"https:\/\/electrohelp.cl\/wp-content\/uploads\/2025\/04\/unnamed.jpg\",\"width\":512,\"height\":288},{\"@type\":\"BreadcrumbList\",\"@id\":\"https:\/\/electrohelp.cl\/?page_id=397#breadcrumb\",\"itemListElement\":[{\"@type\":\"ListItem\",\"position\":1,\"name\":\"Portada\",\"item\":\"https:\/\/electrohelp.cl\/\"},{\"@type\":\"ListItem\",\"position\":2,\"name\":\"Generadores\"}]},{\"@type\":\"WebSite\",\"@id\":\"https:\/\/electrohelp.cl\/#website\",\"url\":\"https:\/\/electrohelp.cl\/\",\"name\":\"Help Services\",\"description\":\"\",\"publisher\":{\"@id\":\"https:\/\/electrohelp.cl\/#organization\"},\"potentialAction\":[{\"@type\":\"SearchAction\",\"target\":{\"@type\":\"EntryPoint\",\"urlTemplate\":\"https:\/\/electrohelp.cl\/?s={search_term_string}\"},\"query-input\":{\"@type\":\"PropertyValueSpecification\",\"valueRequired\":true,\"valueName\":\"search_term_string\"}}],\"inLanguage\":\"es-CL\"},{\"@type\":\"Organization\",\"@id\":\"https:\/\/electrohelp.cl\/#organization\",\"name\":\"Help Services\",\"url\":\"https:\/\/electrohelp.cl\/\",\"logo\":{\"@type\":\"ImageObject\",\"inLanguage\":\"es-CL\",\"@id\":\"https:\/\/electrohelp.cl\/#\/schema\/logo\/image\/\",\"url\":\"https:\/\/electrohelp.cl\/wp-content\/uploads\/2023\/10\/crop-crop-1.png\",\"contentUrl\":\"https:\/\/electrohelp.cl\/wp-content\/uploads\/2023\/10\/crop-crop-1.png\",\"width\":44,\"height\":44,\"caption\":\"Help Services\"},\"image\":{\"@id\":\"https:\/\/electrohelp.cl\/#\/schema\/logo\/image\/\"}}]}<\/script>\n<!-- \/ Yoast SEO plugin. -->","yoast_head_json":{"title":"Generadores - Help Services","robots":{"index":"index","follow":"follow","max-snippet":"max-snippet:-1","max-image-preview":"max-image-preview:large","max-video-preview":"max-video-preview:-1"},"canonical":"https:\/\/electrohelp.cl\/?page_id=397","og_locale":"es_ES","og_type":"article","og_title":"Generadores - Help Services","og_description":"Los generadores el\u00e9ctricos son esenciales para proporcionar energ\u00eda en situaciones de emergencia, garantizar el suministro el\u00e9ctrico en \u00e1reas remotas y apoyar la infraestructura en eventos p\u00fablicos. Adem\u00e1s, permiten la continuidad de operaciones industriales, comerciales y dom\u00e9sticas durante cortes de energ\u00eda, mejorando la resiliencia y seguridad energ\u00e9tica de comunidades y econom\u00edas. CONTROLADORED COMAP Somos especialistas en&hellip; Leer m\u00e1s","og_url":"https:\/\/electrohelp.cl\/?page_id=397","og_site_name":"Help Services","article_modified_time":"2025-04-22T20:47:08+00:00","og_image":[{"url":"https:\/\/electrohelp.cl\/wp-content\/uploads\/2025\/04\/unnamed.jpg"}],"twitter_card":"summary_large_image","twitter_misc":{"Tiempo estimado de lectura":"1 minuto"},"schema":{"@context":"https:\/\/schema.org","@graph":[{"@type":"WebPage","@id":"https:\/\/electrohelp.cl\/?page_id=397","url":"https:\/\/electrohelp.cl\/?page_id=397","name":"Generadores - Help Services","isPartOf":{"@id":"https:\/\/electrohelp.cl\/#website"},"primaryImageOfPage":{"@id":"https:\/\/electrohelp.cl\/?page_id=397#primaryimage"},"image":{"@id":"https:\/\/electrohelp.cl\/?page_id=397#primaryimage"},"thumbnailUrl":"https:\/\/electrohelp.cl\/wp-content\/uploads\/2025\/04\/unnamed.jpg","datePublished":"2025-04-22T20:42:09+00:00","dateModified":"2025-04-22T20:47:08+00:00","breadcrumb":{"@id":"https:\/\/electrohelp.cl\/?page_id=397#breadcrumb"},"inLanguage":"es-CL","potentialAction":[{"@type":"ReadAction","target":["https:\/\/electrohelp.cl\/?page_id=397"]}]},{"@type":"ImageObject","inLanguage":"es-CL","@id":"https:\/\/electrohelp.cl\/?page_id=397#primaryimage","url":"https:\/\/electrohelp.cl\/wp-content\/uploads\/2025\/04\/unnamed.jpg","contentUrl":"https:\/\/electrohelp.cl\/wp-content\/uploads\/2025\/04\/unnamed.jpg","width":512,"height":288},{"@type":"BreadcrumbList","@id":"https:\/\/electrohelp.cl\/?page_id=397#breadcrumb","itemListElement":[{"@type":"ListItem","position":1,"name":"Portada","item":"https:\/\/electrohelp.cl\/"},{"@type":"ListItem","position":2,"name":"Generadores"}]},{"@type":"WebSite","@id":"https:\/\/electrohelp.cl\/#website","url":"https:\/\/electrohelp.cl\/","name":"Help Services","description":"","publisher":{"@id":"https:\/\/electrohelp.cl\/#organization"},"potentialAction":[{"@type":"SearchAction","target":{"@type":"EntryPoint","urlTemplate":"https:\/\/electrohelp.cl\/?s={search_term_string}"},"query-input":{"@type":"PropertyValueSpecification","valueRequired":true,"valueName":"search_term_string"}}],"inLanguage":"es-CL"},{"@type":"Organization","@id":"https:\/\/electrohelp.cl\/#organization","name":"Help Services","url":"https:\/\/electrohelp.cl\/","logo":{"@type":"ImageObject","inLanguage":"es-CL","@id":"https:\/\/electrohelp.cl\/#\/schema\/logo\/image\/","url":"https:\/\/electrohelp.cl\/wp-content\/uploads\/2023\/10\/crop-crop-1.png","contentUrl":"https:\/\/electrohelp.cl\/wp-content\/uploads\/2023\/10\/crop-crop-1.png","width":44,"height":44,"caption":"Help Services"},"image":{"@id":"https:\/\/electrohelp.cl\/#\/schema\/logo\/image\/"}}]}},"_links":{"self":[{"href":"https:\/\/electrohelp.cl\/index.php?rest_route=\/wp\/v2\/pages\/397","targetHints":{"allow":["GET"]}}],"collection":[{"href":"https:\/\/electrohelp.cl\/index.php?rest_route=\/wp\/v2\/pages"}],"about":[{"href":"https:\/\/electrohelp.cl\/index.php?rest_route=\/wp\/v2\/types\/page"}],"author":[{"embeddable":true,"href":"https:\/\/electrohelp.cl\/index.php?rest_route=\/wp\/v2\/users\/1"}],"replies":[{"embeddable":true,"href":"https:\/\/electrohelp.cl\/index.php?rest_route=%2Fwp%2Fv2%2Fcomments&post=397"}],"version-history":[{"count":2,"href":"https:\/\/electrohelp.cl\/index.php?rest_route=\/wp\/v2\/pages\/397\/revisions"}],"predecessor-version":[{"id":401,"href":"https:\/\/electrohelp.cl\/index.php?rest_route=\/wp\/v2\/pages\/397\/revisions\/401"}],"wp:attachment":[{"href":"https:\/\/electrohelp.cl\/index.php?rest_route=%2Fwp%2Fv2%2Fmedia&parent=397"}],"curies":[{"name":"wp","href":"https:\/\/api.w.org\/{rel}","templated":true}]}}